{"id":2,"date":"2018-01-23T18:18:24","date_gmt":"2018-01-23T17:18:24","guid":{"rendered":"http:\/\/maxevent.fr\/?page_id=2"},"modified":"2025-02-16T10:50:44","modified_gmt":"2025-02-16T09:50:44","slug":"page-d-exemple","status":"publish","type":"page","link":"https:\/\/maxevent.fr\/?page_id=2","title":{"rendered":""},"content":{"rendered":"<h4><\/h4>\n<h1 style=\"text-align: center;\"><em><strong>Ch\u00e2teaux Gonflables<\/strong><\/em><\/h1>\n<h4 class=\"font_2\" style=\"text-align: center;\">Max-Event c\u2019est bien sur les incontournables ch\u00e2teaux gonflables.<\/h4>\n<p><strong>-M\u00e9di\u00e9val Bleu 150\u20ac\/jour<\/strong><\/p>\n<div id='gallery-1' class='gallery galleryid-2 gallery-columns-3 gallery-size-large'><figure class='gallery-item'>\n\t\t\t<div class='gallery-icon landscape'>\n\t\t\t\t<a href='https:\/\/maxevent.fr\/?attachment_id=252'><img width=\"720\" height=\"540\" src=\"https:\/\/maxevent.fr\/wp-content\/uploads\/2019\/09\/IMG_9709-1024x768.jpg\" class=\"attachment-large size-large\" alt=\"\" decoding=\"async\" loading=\"lazy\" srcset=\"https:\/\/maxevent.fr\/wp-content\/uploads\/2019\/09\/IMG_9709-1024x768.jpg 1024w, https:\/\/maxevent.fr\/wp-content\/uploads\/2019\/09\/IMG_9709-300x225.jpg 300w, https:\/\/maxevent.fr\/wp-content\/uploads\/2019\/09\/IMG_9709-768x576.jpg 768w\" sizes=\"(max-width: 720px) 100vw, 720px\" \/><\/a>\n\t\t\t<\/div><\/figure><figure class='gallery-item'>\n\t\t\t<div class='gallery-icon landscape'>\n\t\t\t\t<a href='https:\/\/maxevent.fr\/?attachment_id=256'><img width=\"720\" height=\"540\" src=\"https:\/\/maxevent.fr\/wp-content\/uploads\/2019\/09\/Medieval-bleu-1024x768.jpg\" class=\"attachment-large size-large\" alt=\"\" decoding=\"async\" loading=\"lazy\" srcset=\"https:\/\/maxevent.fr\/wp-content\/uploads\/2019\/09\/Medieval-bleu-1024x768.jpg 1024w, https:\/\/maxevent.fr\/wp-content\/uploads\/2019\/09\/Medieval-bleu-300x225.jpg 300w, https:\/\/maxevent.fr\/wp-content\/uploads\/2019\/09\/Medieval-bleu-768x576.jpg 768w\" sizes=\"(max-width: 720px) 100vw, 720px\" \/><\/a>\n\t\t\t<\/div><\/figure>\n\t\t<\/div>\n\n<p><strong>-M\u00e9di\u00e9val Rose 150\u20ac\/jour<\/strong><\/p>\n<div id='gallery-2' class='gallery galleryid-2 gallery-columns-3 gallery-size-large'><figure class='gallery-item'>\n\t\t\t<div class='gallery-icon landscape'>\n\t\t\t\t<a href='https:\/\/maxevent.fr\/?attachment_id=258'><img width=\"720\" height=\"540\" src=\"https:\/\/maxevent.fr\/wp-content\/uploads\/2019\/09\/medieval-rose-1024x768.jpg\" class=\"attachment-large size-large\" alt=\"\" decoding=\"async\" loading=\"lazy\" srcset=\"https:\/\/maxevent.fr\/wp-content\/uploads\/2019\/09\/medieval-rose-1024x768.jpg 1024w, https:\/\/maxevent.fr\/wp-content\/uploads\/2019\/09\/medieval-rose-300x225.jpg 300w, https:\/\/maxevent.fr\/wp-content\/uploads\/2019\/09\/medieval-rose-768x576.jpg 768w\" sizes=\"(max-width: 720px) 100vw, 720px\" \/><\/a>\n\t\t\t<\/div><\/figure><figure class='gallery-item'>\n\t\t\t<div class='gallery-icon landscape'>\n\t\t\t\t<a href='https:\/\/maxevent.fr\/?attachment_id=257'><img width=\"720\" height=\"540\" src=\"https:\/\/maxevent.fr\/wp-content\/uploads\/2019\/09\/medieval-rose.-1024x768.jpg\" class=\"attachment-large size-large\" alt=\"\" decoding=\"async\" loading=\"lazy\" srcset=\"https:\/\/maxevent.fr\/wp-content\/uploads\/2019\/09\/medieval-rose.-1024x768.jpg 1024w, https:\/\/maxevent.fr\/wp-content\/uploads\/2019\/09\/medieval-rose.-300x225.jpg 300w, https:\/\/maxevent.fr\/wp-content\/uploads\/2019\/09\/medieval-rose.-768x576.jpg 768w\" sizes=\"(max-width: 720px) 100vw, 720px\" \/><\/a>\n\t\t\t<\/div><\/figure>\n\t\t<\/div>\n\n<p><strong>-Combo El\u00e9phant 200\u20ac\/jour (4mx5mx4m de haut)<\/strong><\/p>\n<p><img decoding=\"async\" loading=\"lazy\" class=\"alignnone wp-image-347 size-medium\" src=\"http:\/\/maxevent.fr\/wp-content\/uploads\/2025\/02\/combo-elephant-1-227x300.png\" alt=\"\" width=\"227\" height=\"300\" srcset=\"https:\/\/maxevent.fr\/wp-content\/uploads\/2025\/02\/combo-elephant-1-227x300.png 227w, https:\/\/maxevent.fr\/wp-content\/uploads\/2025\/02\/combo-elephant-1-775x1024.png 775w, https:\/\/maxevent.fr\/wp-content\/uploads\/2025\/02\/combo-elephant-1-768x1015.png 768w, https:\/\/maxevent.fr\/wp-content\/uploads\/2025\/02\/combo-elephant-1.png 828w\" sizes=\"(max-width: 227px) 100vw, 227px\" \/> <img decoding=\"async\" loading=\"lazy\" class=\"alignnone wp-image-348 size-medium\" src=\"http:\/\/maxevent.fr\/wp-content\/uploads\/2025\/02\/combo-elephant-228x300.png\" alt=\"\" width=\"228\" height=\"300\" srcset=\"https:\/\/maxevent.fr\/wp-content\/uploads\/2025\/02\/combo-elephant-228x300.png 228w, https:\/\/maxevent.fr\/wp-content\/uploads\/2025\/02\/combo-elephant-779x1024.png 779w, https:\/\/maxevent.fr\/wp-content\/uploads\/2025\/02\/combo-elephant-768x1009.png 768w, https:\/\/maxevent.fr\/wp-content\/uploads\/2025\/02\/combo-elephant.png 828w\" sizes=\"(max-width: 228px) 100vw, 228px\" \/><\/p>\n<p><strong>-Combo Jungle 250\u20ac\/jour<\/strong><\/p>\n<p><img decoding=\"async\" loading=\"lazy\" class=\"alignnone wp-image-314\" src=\"http:\/\/maxevent.fr\/wp-content\/uploads\/2022\/01\/IMG_3142-225x300.jpg\" alt=\"\" width=\"366\" height=\"487\" srcset=\"https:\/\/maxevent.fr\/wp-content\/uploads\/2022\/01\/IMG_3142-225x300.jpg 225w, https:\/\/maxevent.fr\/wp-content\/uploads\/2022\/01\/IMG_3142-768x1024.jpg 768w\" sizes=\"(max-width: 366px) 100vw, 366px\" \/><img decoding=\"async\" loading=\"lazy\" class=\"wp-image-315 alignleft\" src=\"http:\/\/maxevent.fr\/wp-content\/uploads\/2022\/01\/IMG_3145-225x300.jpg\" alt=\"\" width=\"359\" height=\"479\" srcset=\"https:\/\/maxevent.fr\/wp-content\/uploads\/2022\/01\/IMG_3145-225x300.jpg 225w, https:\/\/maxevent.fr\/wp-content\/uploads\/2022\/01\/IMG_3145-768x1024.jpg 768w\" sizes=\"(max-width: 359px) 100vw, 359px\" \/><\/p>\n<p><strong>-Le multiplay sir\u00e8ne\u00a0 300\u20ac\/jour\u00a0 (6mx5m x3,50m de haut)<\/strong><\/p>\n<p><img decoding=\"async\" loading=\"lazy\" class=\"alignnone wp-image-351 size-medium\" src=\"http:\/\/maxevent.fr\/wp-content\/uploads\/2025\/02\/sirene--300x179.png\" alt=\"\" width=\"300\" height=\"179\" srcset=\"https:\/\/maxevent.fr\/wp-content\/uploads\/2025\/02\/sirene--300x179.png 300w, https:\/\/maxevent.fr\/wp-content\/uploads\/2025\/02\/sirene--1024x610.png 1024w, https:\/\/maxevent.fr\/wp-content\/uploads\/2025\/02\/sirene--768x457.png 768w, https:\/\/maxevent.fr\/wp-content\/uploads\/2025\/02\/sirene-.png 1390w\" sizes=\"(max-width: 300px) 100vw, 300px\" \/> <img decoding=\"async\" loading=\"lazy\" class=\"alignnone wp-image-352 size-medium\" src=\"http:\/\/maxevent.fr\/wp-content\/uploads\/2025\/02\/sirene-2-300x226.png\" alt=\"\" width=\"300\" height=\"226\" srcset=\"https:\/\/maxevent.fr\/wp-content\/uploads\/2025\/02\/sirene-2-300x226.png 300w, https:\/\/maxevent.fr\/wp-content\/uploads\/2025\/02\/sirene-2-1024x770.png 1024w, https:\/\/maxevent.fr\/wp-content\/uploads\/2025\/02\/sirene-2-768x578.png 768w, https:\/\/maxevent.fr\/wp-content\/uploads\/2025\/02\/sirene-2.png 1101w\" sizes=\"(max-width: 300px) 100vw, 300px\" \/><\/p>\n<p><strong>-Le multiplay pirate 340\u20ac\/jour\u00a0 (6mx5m x4m de haut)<\/strong><\/p>\n<p><img decoding=\"async\" loading=\"lazy\" class=\"alignnone wp-image-355 size-medium\" src=\"http:\/\/maxevent.fr\/wp-content\/uploads\/2025\/02\/pirate-3-300x225.jpg\" alt=\"\" width=\"300\" height=\"225\" srcset=\"https:\/\/maxevent.fr\/wp-content\/uploads\/2025\/02\/pirate-3-300x225.jpg 300w, https:\/\/maxevent.fr\/wp-content\/uploads\/2025\/02\/pirate-3-1024x768.jpg 1024w, https:\/\/maxevent.fr\/wp-content\/uploads\/2025\/02\/pirate-3-768x576.jpg 768w, https:\/\/maxevent.fr\/wp-content\/uploads\/2025\/02\/pirate-3-1536x1152.jpg 1536w, https:\/\/maxevent.fr\/wp-content\/uploads\/2025\/02\/pirate-3-2048x1536.jpg 2048w\" sizes=\"(max-width: 300px) 100vw, 300px\" \/> <img decoding=\"async\" loading=\"lazy\" class=\"alignnone wp-image-350 size-medium\" src=\"http:\/\/maxevent.fr\/wp-content\/uploads\/2025\/02\/pirat1-300x226.png\" alt=\"\" width=\"300\" height=\"226\" srcset=\"https:\/\/maxevent.fr\/wp-content\/uploads\/2025\/02\/pirat1-300x226.png 300w, https:\/\/maxevent.fr\/wp-content\/uploads\/2025\/02\/pirat1-1024x771.png 1024w, https:\/\/maxevent.fr\/wp-content\/uploads\/2025\/02\/pirat1-768x579.png 768w, https:\/\/maxevent.fr\/wp-content\/uploads\/2025\/02\/pirat1.png 1099w\" sizes=\"(max-width: 300px) 100vw, 300px\" \/><\/p>\n<p><strong>-Le parcours chevalier 340\u20ac\/jour\u00a0 (8mx3,50m x3,5m de haut)<\/strong><\/p>\n<p><img decoding=\"async\" loading=\"lazy\" class=\" wp-image-297 alignleft\" src=\"http:\/\/maxevent.fr\/wp-content\/uploads\/2020\/06\/Photo-07-05-2020-13-05-51.jpg\" alt=\"\" width=\"513\" height=\"385\" srcset=\"https:\/\/maxevent.fr\/wp-content\/uploads\/2020\/06\/Photo-07-05-2020-13-05-51.jpg 4032w, https:\/\/maxevent.fr\/wp-content\/uploads\/2020\/06\/Photo-07-05-2020-13-05-51-300x225.jpg 300w, https:\/\/maxevent.fr\/wp-content\/uploads\/2020\/06\/Photo-07-05-2020-13-05-51-768x576.jpg 768w, https:\/\/maxevent.fr\/wp-content\/uploads\/2020\/06\/Photo-07-05-2020-13-05-51-1024x768.jpg 1024w\" sizes=\"(max-width: 513px) 100vw, 513px\" \/> <img decoding=\"async\" loading=\"lazy\" class=\"alignnone wp-image-299\" src=\"http:\/\/maxevent.fr\/wp-content\/uploads\/2020\/06\/Photo-07-05-2020-13-09-03.jpg\" alt=\"\" width=\"521\" height=\"391\" srcset=\"https:\/\/maxevent.fr\/wp-content\/uploads\/2020\/06\/Photo-07-05-2020-13-09-03.jpg 4032w, https:\/\/maxevent.fr\/wp-content\/uploads\/2020\/06\/Photo-07-05-2020-13-09-03-300x225.jpg 300w, https:\/\/maxevent.fr\/wp-content\/uploads\/2020\/06\/Photo-07-05-2020-13-09-03-768x576.jpg 768w, https:\/\/maxevent.fr\/wp-content\/uploads\/2020\/06\/Photo-07-05-2020-13-09-03-1024x768.jpg 1024w\" sizes=\"(max-width: 521px) 100vw, 521px\" \/><\/p>\n<p><strong>-Le multiplay surfeur 340\u20ac (6mx5mx4,5m de haut)<\/strong><\/p>\n<p><img decoding=\"async\" loading=\"lazy\" class=\"alignnone wp-image-301\" src=\"http:\/\/maxevent.fr\/wp-content\/uploads\/2020\/06\/Photo-07-05-2020-13-42-11.jpg\" alt=\"\" width=\"510\" height=\"383\" srcset=\"https:\/\/maxevent.fr\/wp-content\/uploads\/2020\/06\/Photo-07-05-2020-13-42-11.jpg 4032w, https:\/\/maxevent.fr\/wp-content\/uploads\/2020\/06\/Photo-07-05-2020-13-42-11-300x225.jpg 300w, https:\/\/maxevent.fr\/wp-content\/uploads\/2020\/06\/Photo-07-05-2020-13-42-11-768x576.jpg 768w, https:\/\/maxevent.fr\/wp-content\/uploads\/2020\/06\/Photo-07-05-2020-13-42-11-1024x768.jpg 1024w\" sizes=\"(max-width: 510px) 100vw, 510px\" \/>\u00a0<img decoding=\"async\" loading=\"lazy\" class=\"alignnone wp-image-304\" src=\"http:\/\/maxevent.fr\/wp-content\/uploads\/2020\/06\/Photo-12-03-2020-11-52-41.png\" alt=\"\" width=\"535\" height=\"369\" srcset=\"https:\/\/maxevent.fr\/wp-content\/uploads\/2020\/06\/Photo-12-03-2020-11-52-41.png 670w, https:\/\/maxevent.fr\/wp-content\/uploads\/2020\/06\/Photo-12-03-2020-11-52-41-300x207.png 300w\" sizes=\"(max-width: 535px) 100vw, 535px\" \/><\/p>\n<p><strong>-Le Multiplay Safari\u00a0 340\u20ac\/jour (7mx5m x3m de haut)<\/strong><\/p>\n<p><img decoding=\"async\" loading=\"lazy\" class=\"alignnone wp-image-334 size-medium\" src=\"http:\/\/maxevent.fr\/wp-content\/uploads\/2023\/01\/Multiplay-safari-_elephant_2-300x225.jpg\" alt=\"\" width=\"300\" height=\"225\" srcset=\"https:\/\/maxevent.fr\/wp-content\/uploads\/2023\/01\/Multiplay-safari-_elephant_2-300x225.jpg 300w, https:\/\/maxevent.fr\/wp-content\/uploads\/2023\/01\/Multiplay-safari-_elephant_2-768x576.jpg 768w, https:\/\/maxevent.fr\/wp-content\/uploads\/2023\/01\/Multiplay-safari-_elephant_2-1024x768.jpg 1024w\" sizes=\"(max-width: 300px) 100vw, 300px\" \/> <img decoding=\"async\" loading=\"lazy\" class=\"alignnone wp-image-335 size-medium\" src=\"http:\/\/maxevent.fr\/wp-content\/uploads\/2023\/01\/Multiplay-safari-_elephant_1-225x300.jpg\" alt=\"\" width=\"225\" height=\"300\" srcset=\"https:\/\/maxevent.fr\/wp-content\/uploads\/2023\/01\/Multiplay-safari-_elephant_1-225x300.jpg 225w, https:\/\/maxevent.fr\/wp-content\/uploads\/2023\/01\/Multiplay-safari-_elephant_1-768x1024.jpg 768w\" sizes=\"(max-width: 225px) 100vw, 225px\" \/><\/p>\n<p><strong>-Le toboggan volcan 360\u20ac\/jour (8mx4m x6m de haut)<\/strong><\/p>\n<p><img decoding=\"async\" loading=\"lazy\" class=\"alignnone  wp-image-342\" src=\"http:\/\/maxevent.fr\/wp-content\/uploads\/2023\/01\/voclan-1-224x300.png\" alt=\"\" width=\"322\" height=\"431\" srcset=\"https:\/\/maxevent.fr\/wp-content\/uploads\/2023\/01\/voclan-1-224x300.png 224w, https:\/\/maxevent.fr\/wp-content\/uploads\/2023\/01\/voclan-1.png 586w\" sizes=\"(max-width: 322px) 100vw, 322px\" \/> <img decoding=\"async\" loading=\"lazy\" class=\"alignnone  wp-image-343\" src=\"http:\/\/maxevent.fr\/wp-content\/uploads\/2023\/01\/volcan-2-220x300.png\" alt=\"\" width=\"315\" height=\"430\" srcset=\"https:\/\/maxevent.fr\/wp-content\/uploads\/2023\/01\/volcan-2-220x300.png 220w, https:\/\/maxevent.fr\/wp-content\/uploads\/2023\/01\/volcan-2.png 583w\" sizes=\"(max-width: 315px) 100vw, 315px\" \/><\/p>\n<p><strong>-Baby-Foot Humain 350\u20ac\/jour<\/strong><\/p>\n<div id='gallery-3' class='gallery galleryid-2 gallery-columns-3 gallery-size-large'><figure class='gallery-item'>\n\t\t\t<div class='gallery-icon landscape'>\n\t\t\t\t<a href='https:\/\/maxevent.fr\/?attachment_id=242'><img width=\"720\" height=\"405\" src=\"https:\/\/maxevent.fr\/wp-content\/uploads\/2019\/09\/IMG_9257-1024x576.jpg\" class=\"attachment-large size-large\" alt=\"\" decoding=\"async\" loading=\"lazy\" srcset=\"https:\/\/maxevent.fr\/wp-content\/uploads\/2019\/09\/IMG_9257-1024x576.jpg 1024w, https:\/\/maxevent.fr\/wp-content\/uploads\/2019\/09\/IMG_9257-300x169.jpg 300w, https:\/\/maxevent.fr\/wp-content\/uploads\/2019\/09\/IMG_9257-768x432.jpg 768w\" sizes=\"(max-width: 720px) 100vw, 720px\" \/><\/a>\n\t\t\t<\/div><\/figure><figure class='gallery-item'>\n\t\t\t<div class='gallery-icon landscape'>\n\t\t\t\t<a href='https:\/\/maxevent.fr\/?attachment_id=282'><img width=\"720\" height=\"540\" src=\"https:\/\/maxevent.fr\/wp-content\/uploads\/2019\/09\/Baby-foot-humain-1-1024x768.jpg\" class=\"attachment-large size-large\" alt=\"\" decoding=\"async\" loading=\"lazy\" srcset=\"https:\/\/maxevent.fr\/wp-content\/uploads\/2019\/09\/Baby-foot-humain-1-1024x768.jpg 1024w, https:\/\/maxevent.fr\/wp-content\/uploads\/2019\/09\/Baby-foot-humain-1-300x225.jpg 300w, https:\/\/maxevent.fr\/wp-content\/uploads\/2019\/09\/Baby-foot-humain-1-768x576.jpg 768w\" sizes=\"(max-width: 720px) 100vw, 720px\" \/><\/a>\n\t\t\t<\/div><\/figure>\n\t\t<\/div>\n\n<p><strong>-Elasto-Basket 250\u20ac\/jour<\/strong><\/p>\n<div id='gallery-4' class='gallery galleryid-2 gallery-columns-3 gallery-size-large'><figure class='gallery-item'>\n\t\t\t<div class='gallery-icon landscape'>\n\t\t\t\t<a href='https:\/\/maxevent.fr\/?attachment_id=273'><img width=\"720\" height=\"540\" src=\"https:\/\/maxevent.fr\/wp-content\/uploads\/2019\/09\/IMG_9660-Copie-1024x768.jpg\" class=\"attachment-large size-large\" alt=\"\" decoding=\"async\" loading=\"lazy\" srcset=\"https:\/\/maxevent.fr\/wp-content\/uploads\/2019\/09\/IMG_9660-Copie-1024x768.jpg 1024w, https:\/\/maxevent.fr\/wp-content\/uploads\/2019\/09\/IMG_9660-Copie-300x225.jpg 300w, https:\/\/maxevent.fr\/wp-content\/uploads\/2019\/09\/IMG_9660-Copie-768x576.jpg 768w\" sizes=\"(max-width: 720px) 100vw, 720px\" \/><\/a>\n\t\t\t<\/div><\/figure><figure class='gallery-item'>\n\t\t\t<div class='gallery-icon landscape'>\n\t\t\t\t<a href='https:\/\/maxevent.fr\/?attachment_id=238'><img width=\"720\" height=\"540\" src=\"https:\/\/maxevent.fr\/wp-content\/uploads\/2019\/09\/IMG_7681-1024x768.jpg\" class=\"attachment-large size-large\" alt=\"\" decoding=\"async\" loading=\"lazy\" srcset=\"https:\/\/maxevent.fr\/wp-content\/uploads\/2019\/09\/IMG_7681-1024x768.jpg 1024w, https:\/\/maxevent.fr\/wp-content\/uploads\/2019\/09\/IMG_7681-300x225.jpg 300w, https:\/\/maxevent.fr\/wp-content\/uploads\/2019\/09\/IMG_7681-768x576.jpg 768w\" sizes=\"(max-width: 720px) 100vw, 720px\" \/><\/a>\n\t\t\t<\/div><\/figure>\n\t\t<\/div>\n\n<p><strong>-Airball 120\u20ac\/jour<\/strong><\/p>\n<p><img decoding=\"async\" loading=\"lazy\" class=\"alignnone wp-image-327\" src=\"http:\/\/maxevent.fr\/wp-content\/uploads\/2022\/03\/airballbelle.jpg\" alt=\"\" width=\"605\" height=\"469\" srcset=\"https:\/\/maxevent.fr\/wp-content\/uploads\/2022\/03\/airballbelle.jpg 3878w, https:\/\/maxevent.fr\/wp-content\/uploads\/2022\/03\/airballbelle-300x233.jpg 300w, https:\/\/maxevent.fr\/wp-content\/uploads\/2022\/03\/airballbelle-768x596.jpg 768w, https:\/\/maxevent.fr\/wp-content\/uploads\/2022\/03\/airballbelle-1024x794.jpg 1024w\" sizes=\"(max-width: 605px) 100vw, 605px\" \/><\/p>\n<p><strong>Sumo adultes 190\u20ac\/jour<\/strong><\/p>\n<p><img decoding=\"async\" loading=\"lazy\" class=\"alignnone wp-image-328\" src=\"http:\/\/maxevent.fr\/wp-content\/uploads\/2022\/03\/sumo-adulte.png\" alt=\"\" width=\"383\" height=\"364\" srcset=\"https:\/\/maxevent.fr\/wp-content\/uploads\/2022\/03\/sumo-adulte.png 846w, https:\/\/maxevent.fr\/wp-content\/uploads\/2022\/03\/sumo-adulte-300x285.png 300w, https:\/\/maxevent.fr\/wp-content\/uploads\/2022\/03\/sumo-adulte-768x729.png 768w\" sizes=\"(max-width: 383px) 100vw, 383px\" \/><\/p>\n<p><strong>Sumo Enfants 140\u20ac\/jour<\/strong><\/p>\n<p><img decoding=\"async\" loading=\"lazy\" class=\"alignnone wp-image-329\" src=\"http:\/\/maxevent.fr\/wp-content\/uploads\/2022\/03\/sumo-enfants.png\" alt=\"\" width=\"395\" height=\"315\" srcset=\"https:\/\/maxevent.fr\/wp-content\/uploads\/2022\/03\/sumo-enfants.png 776w, https:\/\/maxevent.fr\/wp-content\/uploads\/2022\/03\/sumo-enfants-300x240.png 300w, https:\/\/maxevent.fr\/wp-content\/uploads\/2022\/03\/sumo-enfants-768x614.png 768w\" sizes=\"(max-width: 395px) 100vw, 395px\" \/><\/p>\n<p><strong>-Baby-Fou 200\u20ac\/Jour<\/strong><\/p>\n<div id='gallery-5' class='gallery galleryid-2 gallery-columns-3 gallery-size-large'><figure class='gallery-item'>\n\t\t\t<div class='gallery-icon portrait'>\n\t\t\t\t<a href='https:\/\/maxevent.fr\/?attachment_id=240'><img width=\"720\" height=\"960\" src=\"https:\/\/maxevent.fr\/wp-content\/uploads\/2019\/09\/IMG_8330-768x1024.jpg\" class=\"attachment-large size-large\" alt=\"\" decoding=\"async\" loading=\"lazy\" srcset=\"https:\/\/maxevent.fr\/wp-content\/uploads\/2019\/09\/IMG_8330-768x1024.jpg 768w, https:\/\/maxevent.fr\/wp-content\/uploads\/2019\/09\/IMG_8330-225x300.jpg 225w\" sizes=\"(max-width: 720px) 100vw, 720px\" \/><\/a>\n\t\t\t<\/div><\/figure><figure class='gallery-item'>\n\t\t\t<div class='gallery-icon portrait'>\n\t\t\t\t<a href='https:\/\/maxevent.fr\/?attachment_id=253'><img width=\"720\" height=\"960\" src=\"https:\/\/maxevent.fr\/wp-content\/uploads\/2019\/09\/IMG_9716-768x1024.jpg\" class=\"attachment-large size-large\" alt=\"\" decoding=\"async\" loading=\"lazy\" srcset=\"https:\/\/maxevent.fr\/wp-content\/uploads\/2019\/09\/IMG_9716-768x1024.jpg 768w, https:\/\/maxevent.fr\/wp-content\/uploads\/2019\/09\/IMG_9716-225x300.jpg 225w\" sizes=\"(max-width: 720px) 100vw, 720px\" \/><\/a>\n\t\t\t<\/div><\/figure>\n\t\t<\/div>\n\n","protected":false},"excerpt":{"rendered":"<p>Ch\u00e2teaux Gonflables Max-Event c\u2019est bien sur les incontournables ch\u00e2teaux gonflables. -M\u00e9di\u00e9val Bleu 150\u20ac\/jour -M\u00e9di\u00e9val Rose 150\u20ac\/jour -Combo El\u00e9phant 200\u20ac\/jour (4mx5mx4m de haut) -Combo Jungle 250\u20ac\/jour -Le multiplay sir\u00e8ne\u00a0 300\u20ac\/jour\u00a0 (6mx5m x3,50m de haut) -Le multiplay pirate 340\u20ac\/jour\u00a0 (6mx5m x4m de<\/p>\n","protected":false},"author":1,"featured_media":0,"parent":0,"menu_order":0,"comment_status":"closed","ping_status":"open","template":"","meta":[],"_links":{"self":[{"href":"https:\/\/maxevent.fr\/index.php?rest_route=\/wp\/v2\/pages\/2"}],"collection":[{"href":"https:\/\/maxevent.fr\/index.php?rest_route=\/wp\/v2\/pages"}],"about":[{"href":"https:\/\/maxevent.fr\/index.php?rest_route=\/wp\/v2\/types\/page"}],"author":[{"embeddable":true,"href":"https:\/\/maxevent.fr\/index.php?rest_route=\/wp\/v2\/users\/1"}],"replies":[{"embeddable":true,"href":"https:\/\/maxevent.fr\/index.php?rest_route=%2Fwp%2Fv2%2Fcomments&post=2"}],"version-history":[{"count":44,"href":"https:\/\/maxevent.fr\/index.php?rest_route=\/wp\/v2\/pages\/2\/revisions"}],"predecessor-version":[{"id":359,"href":"https:\/\/maxevent.fr\/index.php?rest_route=\/wp\/v2\/pages\/2\/revisions\/359"}],"wp:attachment":[{"href":"https:\/\/maxevent.fr\/index.php?rest_route=%2Fwp%2Fv2%2Fmedia&parent=2"}],"curies":[{"name":"wp","href":"https:\/\/api.w.org\/{rel}","templated":true}]}}